{"id":2581,"date":"2021-09-08T12:42:06","date_gmt":"2021-09-08T12:42:06","guid":{"rendered":"http:\/\/dummy.xtemos.com\/woodmart2\/elementor\/?page_id=2581"},"modified":"2026-04-18T20:50:56","modified_gmt":"2026-04-18T20:50:56","slug":"home-handmade","status":"publish","type":"page","link":"https:\/\/elisihediyem.com\/","title":{"rendered":"Home Handmade"},"content":{"rendered":"\t\t<div data-elementor-type=\"wp-page\" data-elementor-id=\"2581\" class=\"elementor elementor-2581\" data-elementor-post-type=\"page\">\n\t\t\t\t<div class=\"elementor-element elementor-element-bbc5adb e-flex e-con-boxed e-con e-parent\" data-id=\"bbc5adb\" data-element_type=\"container\" data-e-type=\"container\">\n\t\t\t\t\t<div class=\"e-con-inner\">\n\t\t<div class=\"elementor-element elementor-element-48ff94b e-con-full e-flex e-con e-child\" data-id=\"48ff94b\" data-element_type=\"container\" data-e-type=\"container\">\n\t\t\t\t<\/div>\n\t\t<div class=\"elementor-element elementor-element-9cebe7a e-con-full e-flex e-con e-child\" data-id=\"9cebe7a\" data-element_type=\"container\" data-e-type=\"container\">\n\t\t<div class=\"elementor-element elementor-element-05bc03a e-con-full e-flex e-con e-child\" data-id=\"05bc03a\" data-element_type=\"container\" data-e-type=\"container\">\n\t\t\t\t<\/div>\n\t\t\t\t<\/div>\n\t\t\t\t\t<\/div>\n\t\t\t\t<\/div>\n\t\t<div class=\"elementor-element elementor-element-e2b6b48 e-flex e-con-boxed e-con e-parent\" data-id=\"e2b6b48\" data-element_type=\"container\" data-e-type=\"container\">\n\t\t\t\t\t<div class=\"e-con-inner\">\n\t\t\t\t\t<\/div>\n\t\t\t\t<\/div>\n\t\t<div class=\"elementor-element elementor-element-a341654 e-flex e-con-boxed e-con e-parent\" data-id=\"a341654\" data-element_type=\"container\" data-e-type=\"container\">\n\t\t\t\t\t<div class=\"e-con-inner\">\n\t\t\t\t\t<\/div>\n\t\t\t\t<\/div>\n\t\t<div class=\"elementor-element elementor-element-79b438a e-flex e-con-boxed e-con e-parent\" data-id=\"79b438a\" data-element_type=\"container\" data-e-type=\"container\">\n\t\t\t\t\t<div class=\"e-con-inner\">\n\t\t<div class=\"elementor-element elementor-element-b7e41ac e-flex e-con-boxed e-con e-child\" data-id=\"b7e41ac\" data-element_type=\"container\" data-e-type=\"container\">\n\t\t\t\t\t<div class=\"e-con-inner\">\n\t\t\t\t\t<\/div>\n\t\t\t\t<\/div>\n\t\t\t\t\t<\/div>\n\t\t\t\t<\/div>\n\t\t\t\t<\/div>\n\t\t","protected":false},"excerpt":{"rendered":"<p>2026 YAZ SEZONU Birbirinden Farkl\u0131 Tasar\u0131m Kol \u00c7antalar\u0131 asdas T\u00fcm Modeller EV TEKST\u0130L\u0130 Amerikan Servis&#038;Supla Tak\u0131mlar\u0131 T\u00fcm MODELLER PAT\u0130L\u0130 DOSTLARIMIZA Evcil Hayvan \u00dcr\u00fcnleri T\u00fcm Modeller Sepet Organizer EV TEKST\u0130L\u0130 \u00dcR\u00dcNLER \u00d6NE \u00c7IKAN \u00dcR\u00dcNLER %100 pamuklu dokusuyla g\u00f6z kama\u015ft\u0131ran \u00fcr\u00fcnlerimiz; pamuk&#8230;<\/p>\n","protected":false},"author":2,"featured_media":0,"parent":0,"menu_order":0,"comment_status":"closed","ping_status":"closed","template":"","meta":{"content-type":"","_monsterinsights_skip_tracking":false,"_monsterinsights_sitenote_active":false,"_monsterinsights_sitenote_note":"","_monsterinsights_sitenote_category":0,"advanced_seo_description":"","jetpack_seo_html_title":"","jetpack_seo_noindex":false,"footnotes":""},"class_list":["post-2581","page","type-page","status-publish","hentry"],"jetpack_sharing_enabled":true,"_links":{"self":[{"href":"https:\/\/elisihediyem.com\/index.php\/wp-json\/wp\/v2\/pages\/2581","targetHints":{"allow":["GET"]}}],"collection":[{"href":"https:\/\/elisihediyem.com\/index.php\/wp-json\/wp\/v2\/pages"}],"about":[{"href":"https:\/\/elisihediyem.com\/index.php\/wp-json\/wp\/v2\/types\/page"}],"author":[{"embeddable":true,"href":"https:\/\/elisihediyem.com\/index.php\/wp-json\/wp\/v2\/users\/2"}],"replies":[{"embeddable":true,"href":"https:\/\/elisihediyem.com\/index.php\/wp-json\/wp\/v2\/comments?post=2581"}],"version-history":[{"count":36,"href":"https:\/\/elisihediyem.com\/index.php\/wp-json\/wp\/v2\/pages\/2581\/revisions"}],"predecessor-version":[{"id":28387,"href":"https:\/\/elisihediyem.com\/index.php\/wp-json\/wp\/v2\/pages\/2581\/revisions\/28387"}],"wp:attachment":[{"href":"https:\/\/elisihediyem.com\/index.php\/wp-json\/wp\/v2\/media?parent=2581"}],"curies":[{"name":"wp","href":"https:\/\/api.w.org\/{rel}","templated":true}]}}