{"id":1177,"date":"2024-10-15T22:38:08","date_gmt":"2024-10-15T22:38:08","guid":{"rendered":"https:\/\/elisihediyem.com\/?post_type=product&#038;p=1177"},"modified":"2025-08-27T19:31:18","modified_gmt":"2025-08-27T19:31:18","slug":"kadin-kol-canta","status":"publish","type":"product","link":"https:\/\/elisihediyem.com\/index.php\/urun\/kadin-kol-canta\/","title":{"rendered":"Kad\u0131n Kol \u00c7anta"},"content":{"rendered":"<p>Halka model hem spor hem \u015f\u0131k kullan\u0131\u015fl\u0131 el eme\u011fi \u00e7anta.<\/p>\n","protected":false},"excerpt":{"rendered":"<p>Halka model hem spor hem \u015f\u0131k kullan\u0131\u015fl\u0131 el eme\u011fi \u00e7anta.<\/p>\n","protected":false},"featured_media":1260,"template":"","meta":{"_acf_changed":false,"content-type":""},"pwb-brand":[],"product_brand":[],"product_cat":[54],"product_tag":[],"class_list":{"0":"post-1177","1":"product","2":"type-product","3":"status-publish","4":"has-post-thumbnail","6":"product_cat-kol-cantasi","8":"first","9":"instock","10":"taxable","11":"shipping-taxable","12":"purchasable","13":"product-type-simple"},"acf":[],"brands":[],"_links":{"self":[{"href":"https:\/\/elisihediyem.com\/index.php\/wp-json\/wp\/v2\/product\/1177","targetHints":{"allow":["GET"]}}],"collection":[{"href":"https:\/\/elisihediyem.com\/index.php\/wp-json\/wp\/v2\/product"}],"about":[{"href":"https:\/\/elisihediyem.com\/index.php\/wp-json\/wp\/v2\/types\/product"}],"version-history":[{"count":0,"href":"https:\/\/elisihediyem.com\/index.php\/wp-json\/wp\/v2\/product\/1177\/revisions"}],"wp:featuredmedia":[{"embeddable":true,"href":"https:\/\/elisihediyem.com\/index.php\/wp-json\/wp\/v2\/media\/1260"}],"wp:attachment":[{"href":"https:\/\/elisihediyem.com\/index.php\/wp-json\/wp\/v2\/media?parent=1177"}],"wp:term":[{"taxonomy":"pwb-brand","embeddable":true,"href":"https:\/\/elisihediyem.com\/index.php\/wp-json\/wp\/v2\/pwb-brand?post=1177"},{"taxonomy":"product_brand","embeddable":true,"href":"https:\/\/elisihediyem.com\/index.php\/wp-json\/wp\/v2\/product_brand?post=1177"},{"taxonomy":"product_cat","embeddable":true,"href":"https:\/\/elisihediyem.com\/index.php\/wp-json\/wp\/v2\/product_cat?post=1177"},{"taxonomy":"product_tag","embeddable":true,"href":"https:\/\/elisihediyem.com\/index.php\/wp-json\/wp\/v2\/product_tag?post=1177"}],"curies":[{"name":"wp","href":"https:\/\/api.w.org\/{rel}","templated":true}]}}