{"id":1206,"date":"2024-10-15T22:38:34","date_gmt":"2024-10-15T22:38:34","guid":{"rendered":"https:\/\/elisihediyem.com\/?post_type=product&#038;p=1206"},"modified":"2025-12-11T16:41:59","modified_gmt":"2025-12-11T16:41:59","slug":"bayan-hasir-sapka-2","status":"publish","type":"product","link":"https:\/\/elisihediyem.com\/index.php\/urun\/bayan-hasir-sapka-2\/","title":{"rendered":"Bayan Has\u0131r \u015eapka"},"content":{"rendered":"<p>El eme\u011fi \u00f6zenle haz\u0131rlanan \u015f\u0131k bayan \u015fapkas\u0131.\u0130stenilen renk ve \u00f6l\u00e7\u00fcde haz\u0131rlan\u0131r.<\/p>\n","protected":false},"excerpt":{"rendered":"<p>El eme\u011fi \u00f6zenle haz\u0131rlanan \u015f\u0131k bayan \u015fapkas\u0131.\u0130stenilen renk ve \u00f6l\u00e7\u00fcde haz\u0131rlan\u0131r.<\/p>\n","protected":false},"featured_media":0,"template":"","meta":{"content-type":"","_monsterinsights_skip_tracking":false,"_monsterinsights_sitenote_active":false,"_monsterinsights_sitenote_note":"","_monsterinsights_sitenote_category":0,"advanced_seo_description":"","jetpack_seo_html_title":"","jetpack_seo_noindex":false},"product_brand":[],"product_cat":[294],"product_tag":[],"class_list":{"0":"post-1206","1":"product","2":"type-product","3":"status-publish","5":"product_cat-genel","7":"first","8":"instock","9":"taxable","10":"shipping-taxable","11":"purchasable","12":"product-type-simple"},"jetpack_sharing_enabled":true,"_links":{"self":[{"href":"https:\/\/elisihediyem.com\/index.php\/wp-json\/wp\/v2\/product\/1206","targetHints":{"allow":["GET"]}}],"collection":[{"href":"https:\/\/elisihediyem.com\/index.php\/wp-json\/wp\/v2\/product"}],"about":[{"href":"https:\/\/elisihediyem.com\/index.php\/wp-json\/wp\/v2\/types\/product"}],"version-history":[{"count":1,"href":"https:\/\/elisihediyem.com\/index.php\/wp-json\/wp\/v2\/product\/1206\/revisions"}],"predecessor-version":[{"id":19929,"href":"https:\/\/elisihediyem.com\/index.php\/wp-json\/wp\/v2\/product\/1206\/revisions\/19929"}],"wp:attachment":[{"href":"https:\/\/elisihediyem.com\/index.php\/wp-json\/wp\/v2\/media?parent=1206"}],"wp:term":[{"taxonomy":"product_brand","embeddable":true,"href":"https:\/\/elisihediyem.com\/index.php\/wp-json\/wp\/v2\/product_brand?post=1206"},{"taxonomy":"product_cat","embeddable":true,"href":"https:\/\/elisihediyem.com\/index.php\/wp-json\/wp\/v2\/product_cat?post=1206"},{"taxonomy":"product_tag","embeddable":true,"href":"https:\/\/elisihediyem.com\/index.php\/wp-json\/wp\/v2\/product_tag?post=1206"}],"curies":[{"name":"wp","href":"https:\/\/api.w.org\/{rel}","templated":true}]}}