{"id":18607,"date":"2025-04-14T08:03:00","date_gmt":"2025-04-14T08:03:00","guid":{"rendered":"https:\/\/elisihediyem.com\/index.php\/urun\/amerikan-servis-takimi\/"},"modified":"2026-01-05T20:52:10","modified_gmt":"2026-01-05T20:52:10","slug":"amerikan-servis-takimi","status":"publish","type":"product","link":"https:\/\/elisihediyem.com\/index.php\/urun\/amerikan-servis-takimi\/","title":{"rendered":"Amerikan Servis Tak\u0131m\u0131"},"content":{"rendered":"<p data-end=\"415\" data-start=\"134\">Do\u011fal liflerden \u00f6zenle \u00f6r\u00fclm\u00fc\u015f bu el yap\u0131m\u0131 has\u0131r set, ya\u015fam alanlar\u0131n\u0131za s\u0131cak ve do\u011fal bir dokunu\u015f katar. Dayan\u0131kl\u0131 yap\u0131s\u0131 sayesinde uzun s\u00fcreli kullan\u0131m sunar. Sepetler d\u00fczenleme ve saklama i\u00e7in idealdir; amerikan servisler ise sofralar\u0131n\u0131za \u015f\u0131k ve do\u011fal bir g\u00f6r\u00fcn\u00fcm kazand\u0131r\u0131r.<\/p>\n<p data-end=\"576\" data-start=\"417\">Minimal ve zamans\u0131z tasar\u0131m\u0131yla mutfak, salon ve balkon gibi farkl\u0131 alanlarda rahatl\u0131kla kullan\u0131labilir. El eme\u011fi \u00fcretim oldu\u011fu i\u00e7in her par\u00e7a kendine \u00f6zg\u00fcd\u00fcr.<\/p>\n<p data-end=\"602\" data-start=\"578\"><strong data-end=\"602\" data-start=\"578\">\u00d6ne \u00c7\u0131kan \u00d6zellikler<\/strong><\/p>\n<ul data-end=\"740\" data-start=\"603\">\n<li data-end=\"626\" data-start=\"603\">6 Adet 32 cm Supla 1 Ekmek Sepeti<\/li>\n<li data-end=\"626\" data-start=\"603\">\n<p data-end=\"626\" data-start=\"605\">Do\u011fal has\u0131r malzeme<\/p>\n<\/li>\n<li data-end=\"655\" data-start=\"627\">\n<p data-end=\"655\" data-start=\"629\">El yap\u0131m\u0131 ve \u00e7evre dostu<\/p>\n<\/li>\n<li data-end=\"687\" data-start=\"656\">\n<p data-end=\"687\" data-start=\"658\">Sa\u011flam, hafif ve kullan\u0131\u015fl\u0131<\/p>\n<\/li>\n<li data-end=\"711\" data-start=\"688\">\n<p data-end=\"711\" data-start=\"690\">\u00c7ok ama\u00e7l\u0131 kullan\u0131m<\/p>\n<\/li>\n<li data-end=\"740\" data-start=\"712\">\n<p data-end=\"740\" data-start=\"714\">Dekoratif ve fonksiyonel<\/p>\n<\/li>\n<\/ul>\n<p data-end=\"799\" data-start=\"742\">El eme\u011fini ve do\u011fall\u0131\u011f\u0131 sevenler i\u00e7in ideal bir se\u00e7imdir.<\/p>\n","protected":false},"excerpt":{"rendered":"<p data-end=\"415\" data-start=\"134\">Do\u011fal liflerden \u00f6zenle \u00f6r\u00fclm\u00fc\u015f bu el yap\u0131m\u0131 has\u0131r set, ya\u015fam alanlar\u0131n\u0131za s\u0131cak ve do\u011fal bir dokunu\u015f katar. Dayan\u0131kl\u0131 yap\u0131s\u0131 sayesinde uzun s\u00fcreli kullan\u0131m sunar. Sepetler d\u00fczenleme ve saklama i\u00e7in idealdir; amerikan servisler ise sofralar\u0131n\u0131za \u015f\u0131k ve do\u011fal bir g\u00f6r\u00fcn\u00fcm kazand\u0131r\u0131r.<\/p>\n<p data-end=\"576\" data-start=\"417\">Minimal ve zamans\u0131z tasar\u0131m\u0131yla mutfak, salon ve balkon gibi farkl\u0131 alanlarda rahatl\u0131kla kullan\u0131labilir. El eme\u011fi \u00fcretim oldu\u011fu i\u00e7in her par\u00e7a kendine \u00f6zg\u00fcd\u00fcr.<\/p>\n<p data-end=\"602\" data-start=\"578\"><strong data-end=\"602\" data-start=\"578\">\u00d6ne \u00c7\u0131kan \u00d6zellikler<\/strong><\/p>\n<ul data-end=\"740\" data-start=\"603\">\n<li data-end=\"626\" data-start=\"603\">6 Adet 32 cm Supla 1 Ekmek Sepeti<\/li>\n<li data-end=\"626\" data-start=\"603\">\n<p data-end=\"626\" data-start=\"605\">Do\u011fal has\u0131r malzeme<\/p>\n<\/li>\n<li data-end=\"655\" data-start=\"627\">\n<p data-end=\"655\" data-start=\"629\">El yap\u0131m\u0131 ve \u00e7evre dostu<\/p>\n<\/li>\n<li data-end=\"687\" data-start=\"656\">\n<p data-end=\"687\" data-start=\"658\">Sa\u011flam, hafif ve kullan\u0131\u015fl\u0131<\/p>\n<\/li>\n<li data-end=\"711\" data-start=\"688\">\n<p data-end=\"711\" data-start=\"690\">\u00c7ok ama\u00e7l\u0131 kullan\u0131m<\/p>\n<\/li>\n<li data-end=\"740\" data-start=\"712\">\n<p data-end=\"740\" data-start=\"714\">Dekoratif ve fonksiyonel<\/p>\n<\/li>\n<\/ul>\n<p data-end=\"799\" data-start=\"742\">El eme\u011fini ve do\u011fall\u0131\u011f\u0131 sevenler i\u00e7in ideal bir se\u00e7imdir.<\/p>\n","protected":false},"featured_media":18600,"template":"","meta":{"_monsterinsights_skip_tracking":false,"_monsterinsights_sitenote_active":false,"_monsterinsights_sitenote_note":"","_monsterinsights_sitenote_category":0,"advanced_seo_description":"","jetpack_seo_html_title":"","jetpack_seo_noindex":false},"product_brand":[],"product_cat":[52],"product_tag":[80,57,81,123],"class_list":{"0":"post-18607","1":"product","2":"type-product","3":"status-publish","4":"has-post-thumbnail","6":"product_cat-suplarunner","7":"product_tag-amerikan-servis-takimi","8":"product_tag-el-emegi-goz-nuru-hediye","9":"product_tag-supla-takimi","10":"product_tag-toptan-satis","12":"first","13":"instock","14":"sale","15":"taxable","16":"shipping-taxable","17":"purchasable","18":"product-type-simple"},"jetpack_sharing_enabled":true,"_links":{"self":[{"href":"https:\/\/elisihediyem.com\/index.php\/wp-json\/wp\/v2\/product\/18607","targetHints":{"allow":["GET"]}}],"collection":[{"href":"https:\/\/elisihediyem.com\/index.php\/wp-json\/wp\/v2\/product"}],"about":[{"href":"https:\/\/elisihediyem.com\/index.php\/wp-json\/wp\/v2\/types\/product"}],"version-history":[{"count":2,"href":"https:\/\/elisihediyem.com\/index.php\/wp-json\/wp\/v2\/product\/18607\/revisions"}],"predecessor-version":[{"id":20039,"href":"https:\/\/elisihediyem.com\/index.php\/wp-json\/wp\/v2\/product\/18607\/revisions\/20039"}],"wp:featuredmedia":[{"embeddable":true,"href":"https:\/\/elisihediyem.com\/index.php\/wp-json\/wp\/v2\/media\/18600"}],"wp:attachment":[{"href":"https:\/\/elisihediyem.com\/index.php\/wp-json\/wp\/v2\/media?parent=18607"}],"wp:term":[{"taxonomy":"product_brand","embeddable":true,"href":"https:\/\/elisihediyem.com\/index.php\/wp-json\/wp\/v2\/product_brand?post=18607"},{"taxonomy":"product_cat","embeddable":true,"href":"https:\/\/elisihediyem.com\/index.php\/wp-json\/wp\/v2\/product_cat?post=18607"},{"taxonomy":"product_tag","embeddable":true,"href":"https:\/\/elisihediyem.com\/index.php\/wp-json\/wp\/v2\/product_tag?post=18607"}],"curies":[{"name":"wp","href":"https:\/\/api.w.org\/{rel}","templated":true}]}}